 - 138. What is the greatest common divisor of 231 and q?
33
Let y = -33 + 288. Let x = -252 + y. Suppose 15 = 5*z - 4*a - 15, 2*z - 4*a = 12. What is the greatest common factor of z and x?
3
Suppose 0 = -3*s + 216 + 330. Let b be 93/((-2)/((-16)/6)) - (6 + -12). Calculate the highest common divisor of s and b.
26
Let y(g) = -249*g - 4476. Let a be y(-18). What is the greatest common factor of 618 and a?
6
Let r = 295 - 155. Suppose -4*t = -28*t + 3336. Suppose t = 9*d - 41. Calculate the greatest common divisor of d and r.
20
Let k be (-207735)/957 + (-2)/(-29). Let d = k + 231. Calculate the greatest common factor of d and 28.
14
Let o(a) = -174*a + 82. Let s be o(-1). What is the highest common divisor of s and 16?
16
Let v = 389 - 13. Suppose 0 = -2*c, -2*c - 40 = -4*t + v. Calculate the greatest common divisor of 52 and t.
52
Let x be (589 + -4)*(-22)/(-33). Calculate the highest common divisor of 420 and x.
30
Let y be (-51)/(-2) - 2/4. Let w be (3360 - 0) + -3 + -7. Suppose 875 = -9*h + w. Calculate the highest common factor of y and h.
25
Suppose 0 = 2*g - 73 - 276 - 253. Suppose -5*k + 457 = -183. Let h = k - 85. Calculate the highest common divisor of g and h.
43
Let x = -145 + 130. Let r(l) = l**2 + 14*l - 6. Let d be r(x). Suppose 4*h - 53 = 5*z - 12, -h + d = -z. What is the greatest common factor of 28 and h?
4
Let g(n) = -n**2 + 5*n + 2. Let b be g(5). Let l(s) = -s**2 - 5*s + 348. Let u be l(0). Let j = u - 346. Calculate the greatest common factor of b and j.
2
Suppose 29*d = -117 + 16372 + 6017. What is the greatest common divisor of 36 and d?
12
Suppose k = 4*q - 7*q + 154, -248 = -2*k + 4*q. What is the highest common factor of 646 and k?
34
Let d be (-18)/66 + (-21660)/(-44). Calculate the greatest common factor of d and 768.
12
Let x(i) = -i**2 - 4*i + 17. Let j be x(-6). Suppose 8 = l - h, -l + 0*h = -j*h + 4. Let n = l - -7. What is the greatest common divisor of 18 and n?
18
Suppose 4*j - 303 = -y, 5*j - 29*y + 26*y = 366. What is the highest common factor of 14325 and j?
75
Let n be (-1)/(-5) + 454/5. Suppose 36*z = -62*z + 3822. Calculate the highest common divisor of n and z.
13
Suppose 4*a = 12, a - 4*a = 2*c - 27. Suppose 81 + c = 5*v. What is the greatest common factor of v and 54?
18
Suppose 0 = -7*k - 7*k + 126. Let d be -15*(k + -8)*-5. Calculate the greatest common factor of d and 165.
15
Let l = -198 - -238. Let o be (4 - -1) + -2 + (9 - 8). Suppose 18 = 2*b - o*y, 4*b = 6*b + 4*y - 2. Calculate the greatest common factor of l and b.
5
Suppose -2*y - 2*c + 11552 = 0, -17*c + 12*c - 17296 = -3*y. Calculate the greatest common divisor of y and 148.
148
Suppose 6*o - 2*o - 70 = -3*j, -o + 5*j = 40. Let z be (1 + 0)/((-6)/(-90)). Calculate the highest common factor of z and o.
5
Let a(n) = 3*n**2 - 34*n + 121. Let h be a(4). Suppose 190 = 8*g - 98. Let t be g + ((-8)/(-2) - 7). Calculate the highest common factor of t and h.
33
Suppose -56 = -3*c + c. Suppose -33*i = -c*i - 25. What is the highest common divisor of i and 40?
5
Let j = -4840 - -4852. Calculate the highest common factor of j and 1788.
12
Let c = -2 + 3. Let p be (-2)/(-4)*(1697 - -25). Let j = 862 - p. What is the highest common factor of c and j?
1
Let t(k) = k**3 - 14*k**2 - 65*k + 35. Let w be t(18). What is the greatest common factor of 92 and w?
23
Let w be 5 - 13/(143/(-154)). Calculate the highest common factor of w and 3876.
19
Suppose u - 3*o + 36 = 5*u, -5*u + 68 = -2*o. Suppose -12 - u = -2*n. Let c be 9/12 + (-210)/(-40). Calculate the greatest common divisor of n and c.
6
Suppose z + 7 = 3*p - 3*z, -3*z + 1 = 4*p. Let k be (72 - p) + -5 + -1. Calculate the highest common divisor of 26 and k.
13
Let d(l) = l**3 - 27*l**2 + 51*l + 66. Let v be d(25). Calculate the greatest common factor of 1209 and v.
13
Let d(m) = -413*m - 780. Let b be d(-3). Calculate the highest common factor of 3264 and b.
51
Suppose -180645 = 10*n + 42795. Let o be n/190*((-20)/(-6))/(-1). Calculate the greatest common divisor of 56 and o.
56
Suppose -3*r = -2*d - 3968, -r + 1316 = -2*d + 3*d. Suppose -4*n - 660 = -2*s, -s - 3*s + 4*n = -r. What is the greatest common factor of 55 and s?
55
Let p = 330 + -326. Calculate the greatest common factor of 130 and p.
2
Suppose 7963 = c + 6754. What is the greatest common divisor of 26 and c?
13
Let r = 107 - 103. Suppose -5*d = r*u - 33, -4*d + 40 = 5*u + d. Calculate the greatest common divisor of 1 and u.
1
Let y = 17194 + -17172. What is the greatest common factor of y and 10637?
11
Suppose -17*g + 0*g = -14756. Let o = g - 681. Calculate the greatest common factor of 34 and o.
17
Suppose 38*c = 33*c - 2*l + 94, 0 = c + l - 14. Calculate the greatest common factor of 40194 and c.
22
Let h(w) = -w**3 + 44*w**2 + 191*w + 116. Let q be h(48). Calculate the greatest common divisor of 20 and q.
4
Let x(c) = -c**2 + c - 1. Let m be x(0). Let v be (-10)/(25/5) - (1 + m). Let q be -1 + 33 + 2/v. What is the greatest common factor of 93 and q?
31
Let r be (20/24 + (-3)/(-18))*-5. Let w be r/(-15)*-6*-5. What is the greatest common divisor of w and 44?
2
Suppose 2*y = 3*z - 1810, -5*z - 5*y + 4478 - 1503 = 0. Let o(t) = t**3 + 12*t**2 + 11*t - 66. Let u be o(-10). What is the greatest common factor of z and u?
24
Let u(j) = 11*j - 39. Let c be u(0). Let n = 209 + c. Calculate the highest common divisor of 30 and n.
10
Let i be 6 - 3 - -50 - 42/14. Let x be 580/(-12) - 2/3. Let r be x/(-5) - (-4)/20. Calculate the highest common divisor of r and i.
10
Suppose 15204 - 3495 = 9*b. Suppose 0 = z - b - 31. Calculate the highest common factor of z and 36.
36
Suppose 400 = 4*z + z. Suppose u + 4*w + 326 = 0, -4*w = -u - z - 254. Let c = 578 + u. Calculate the greatest common divisor of 31 and c.
31
Suppose 36*q - 10*q - 205275 = -59*q. Calculate the greatest common divisor of 35 and q.
35
Suppose -g + 12 = 16. Let l(i) = 6*i**2 + 3*i + 16. Let m be l(g). Calculate the greatest common factor of m and 50.
50
Let b(n) = -n**3 - 30*n**2 - 30*n + 28. Suppose -14*k - 218 = 188. Let v be b(k). Calculate the highest common factor of 95 and v.
19
Let b(q) = -15*q**3 - 9*q**2 + 2*q + 33. Let p be b(-3). Calculate the highest common divisor of 27 and p.
27
Let k(a) = -36*a - 29. Let i be k(-7). Suppose -i*v - 8 = -227*v. Calculate the greatest common factor of v and 54.
2
Let s(v) = v**3 - 5*v**2 - 25*v + 111. Let q be s(9). Calculate the highest common factor of q and 154.
14
Let z(s) = s - 1. Let d be z(-3). Let q be 6/(d*(-2)/32). Suppose 70 - 112 = -14*y. Calculate the highest common divisor of q and y.
3
Let m = -28 + 30. Suppose 7*u - m*u - 5*c - 80 = 0, 2*u - 40 = -2*c. Calculate the greatest common factor of u and 6.
6
Let y(a) = -a**2 - 61*a + 3. Let b be y(-2). Calculate the greatest common divisor of 495 and b.
11
Let d(m) = 2 - 3 - m**2 - 5 + 17*m + 1. Let z be d(12). Suppose 3*a + 85 = 100. Calculate the greatest common factor of z and a.
5
Suppose -2*l = m - 44471, 1108*m = 1104*m + 3*l + 177818. What is the greatest common factor of m and 23?
23
Let v(q) = -q**3 + 13*q**2 + 2*q. Let t be v(13). Suppose -5*c + 1152 - 252 = 5*p, 5*p - 2*c - 914 = 0. Calculate the greatest common factor of p and t.
26
Suppose -3*x + 3*w - 10805 = -4*x, 2*x - 21646 = 3*w. What is the greatest common divisor of x and 58?
29
Let t = -16403 + 16509. What is the highest common divisor of 1007 and t?
53
Let u be -6 + (-195)/(30/(-6)). Let w(i) = 3*i**2 + 4*i. Let r be w(6). What is the highest common divisor of u and r?
33
Let u be (-7 - (3 - 8))*(-3)/2. Let l be -2*(u - 1 - (3 + 3)). What is the highest common divisor of l and 4?
4
Let b(q) = -2776*q**3 + 2*q**2 + 255*q + 252. Let l be b(-1). What is the greatest common divisor of l and 148?
37
Let k be (8/(-6))/(19/(-7467)). Suppose 7*l - 944 = -k. What is the greatest common factor of 24 and l?
12
Let v be (216/(-36))/((-2)/12). Let o = 1 - 4. Let j = 1 - o. What is the greatest common factor of v and j?
4
Let z(a) = -a**2 - 44*a + 83. Let v be z(-26). Let k = 571 - v. Calculate the highest common divisor of k and 230.
10
Let s be (240/(-90))/(3*6/(-324)). What is the highest common divisor of s and 1072?
16
Suppose 5*s = s + 72. Let w be (-117)/(-54) + -1 - 6581/(-6). Calculate the highest common 